pose 0 = -s - 4*s + 5. Let w be 3 - ((-4)/(-1) - 2). Let j(p) = -p**2 + p + 1. Let x(t) = -t**2 - t + 1. Let n(a) = s*x(a) + w*j(a). What is n(-2)?
-6
Let j(l) be the second derivative of l + 0 + 1/6*l**3 - 2*l**2. Give j(4).
0
Let w(y) = -2*y - 6. Let m be w(-6). Let c(h) = h**2 - 8*h + 2. Calculate c(m).
-10
Let o(g) = g**3 + 5*g**2 - 6*g + 6. Let c be (1/6*3)/((-2)/24). Determine o(c).
6
Let s(j) = -2*j + 14. Let b be s(7). Let t(r) = r**3 + 7*r**2 + 5*r - 4. Let a(u) = -2*u**3 - 13*u**2 - 9*u + 8. Let g(l) = 6*a(l) + 11*t(l). What is g(b)?
4
Suppose 3 = -6*p + 5*p. Let x(g) = 2*g. Give x(p).
-6
Let h(z) be the second derivative of z**3/6 - 6*z**2 + 6*z. Calculate h(9).
-3
Let q(r) = -1 + 3 - 242*r + 240*r. Determine q(4).
-6
Let j(o) be the third derivative of 17*o**5/60 - o**4/24 - 10*o**2. What is j(1)?
16
Let n(t) = t - 6*t + 5 + 2*t + 3. Give n(6).
-10
Let v be (-28)/8 - (-1)/(-2). Let n(d) = d**3 + 5*d**2 + 3*d - 1. Determine n(v).
3
Let q(k) = -k**2 - 7*k + 33. Let p be q(-10). Let j(x) = -4*x - 1. Calculate j(p).
-13
Let g(n) be the third derivative of -n**4/24 - 2*n**3/3 + 11*n**2. Calculate g(5).
-9
Let o(w) = w**2 - 4*w - 8. Let d be o(6). Suppose -a = 5*p + 26, d*a = -0*p + p + 1. Let t(s) = -s**3 - 4*s**2 + 5*s + 6. Determine t(p).
6
Let i = 8 - 5. Let o(h) = -5*h**3 - 12*h**2 - 13*h + 25. Let m(y) = y**3 + 3*y**2 + 3*y - 6. Let a(c) = -9*m(c) - 2*o(c). What is a(i)?
1
Let d(a) be the second derivative of a**4/12 + 2*a**3/3 - 3*a**2/2 + 7*a. Let y be 2/((-3)/(-2) - 2). What is d(y)?
-3
Let p(n) = n**3 - 2*n**2 + 4*n - 5. Let k(j) = j**2 - 1. Let z(c) = -2*k(c) + p(c). Let i be (-2)/(2/9*-3). Calculate z(i).
0
Let y(o) = -o**3 + 8*o**2 + o - 3. Let k be y(8). Let v(w) = w + 2 - k + w. What is v(5)?
7
Let q(n) = -3*n - 3. Let y be q(-3). Let d be ((-8)/(-24))/(2/y). Let j(p) = -5*p**2 + 1. Let t be j(d). Let a(r) = r - 3. Calculate a(t).
-7
Let y = 3 - -3. Let z(l) = 3*l**2 - 1 + 2*l**2 + y*l - 5*l**2 + l**2. Let j = -1 - 4. Determine z(j).
-6
Let g(k) = 2*k - 1. Suppose -4*w + 0*w = 4*b - 16, -3*b - 13 = -2*w. Suppose -w*x - 9 = 11. Calculate g(x).
-9
Suppose 6 = -3*p + 4*p. Let f(h) = -p*h + 6*h - 2 + 2*h**2 + 1. Determine f(-2).
7
Let c(n) = -n + 68. Let h be c(0). Let i = 47 - h. Let f be (-1 - 2)/(i/(-28)). Let a(l) = l**3 + 3*l**2 - l + 5. Determine a(f).
-7
Let o(g) = 3*g**2 + 38*g - 17. Let r(k) = k**2 + 13*k - 6. Let w(u) = -4*o(u) + 11*r(u). What is w(-7)?
16
Let d(x) = -3*x - x**2 - 1 - 5 - 4*x. Let z be d(-6). Suppose -4*i + 4 = -z*i. Let y(a) = -5*a - 1. What is y(i)?
-6
Suppose -m - 14 = -4*y, -3*m = -8*m - 2*y + 40. Let r(s) = s**3 - 7*s**2 + 6*s + 1. Determine r(m).
1
Let a be 8/6 + 17/(-34). Let g(c) be the second derivative of -c**2 + c - 1/12*c**4 + a*c**3 + 0. Give g(3).
4
Let r(w) = w**2 + 6*w - 2. Let v(h) = -h**2 - 5*h + 3. Let x(f) = 4*r(f) + 5*v(f). Give x(0).
7
Let m(r) be the first derivative of 3/2*r**2 + 2/3*r**3 + 1 - 2*r - 1/2*r**4. Give m(2).
-4
Let p = -30 - -46. Suppose 0*m = 3*m + d + p, -4*m = 2*d + 20. Let o(z) = -z - 5. What is o(m)?
1
Let b(u) = -3*u - 16. Let x be b(-7). Let m(f) = f**3 - 5*f**2 - 2*f + 4. Calculate m(x).
-6
Suppose 0*j = 3*j. Let r(v) be the first derivative of v**4/4 + v**3/3 - 7*v + 16. Give r(j).
-7
Suppose -2*c = -5 + 3. Suppose 0 = s + c - 6. Let b(r) = -r**3 + 6*r**2 - 5*r. What is b(s)?
0
Let h be (29 + -31)*(-6)/4. Let f(u) be the first derivative of -3*u**2/2 + 3*u + 1. Give f(h).
-6
Let n be 220/35 - 4/14. Suppose 0 = q + g + 2, -2*g = 5*q + 2*g + n. Let c(s) = -10*s + 3*s - 3 + s**q + 4*s. Determine c(5).
7
Suppose 0 = 2*h + p + 4*p + 12, 5*h + 3*p = -11. Let j(x) = -6*x**3 - x**2 - x. Determine j(h).
6
Let b(g) = 3*g - 4. Let z(p) = -p**3 - 6*p**2 - 7*p + 1. Let u be z(-5). Suppose -4*s - u + 35 = 0. Let w = s - 3. What is b(w)?
5
Let l(t) = -245*t**2 + 282 + 246*t**2 - 281 + 0*t - 3*t. Suppose -3*p + k = -11, 0 = -2*p - 0*k - 3*k + 11. Calculate l(p).
5
Let b(h) = -6*h + 2. Let k(v) = -11*v + 3. Let p(i) = 5*b(i) - 3*k(i). What is p(-3)?
-8
Let a(m) be the second derivative of -m**4/3 + m**3/3 + m**2/2 + 4*m. Let b be (1 + 0)*(-1)/1. What is a(b)?
-5
Let z(l) = -3 + 2 + l - 1. Suppose u - 1 = 3. Determine z(u).
2
Let u(y) = -y - 3. Let c be u(-5). Let b(v) = -c*v**2 + 3*v**2 - 3 - 5*v**2 - 6*v + 3*v**2. Let i(z) = z**2 + 6*z - 1. Let x be i(-5). Determine b(x).
-3
Let h(u) = -3*u**2 + 2*u - 4. Let k(x) = -x**2 + x. Let l(f) = -h(f) + 2*k(f). Determine l(0).
4
Suppose 5*r + 0 = 5. Let h(o) = r + 2*o + 0 - 4*o. Let d = -446 + 450. Determine h(d).
-7
Let m(w) = w. Let t be m(2). Suppose 3*u + 2 = t*p - 1, 2*u = -4*p + 14. Let d(i) = -4 - p*i + 4*i - 3*i. What is d(-4)?
4
Let s(w) = w**2 + 8*w - 5. Let n(i) = i**2 + 8*i - 17. Let f be n(-9). What is s(f)?
-5
Let n(s) be the third derivative of 0*s - 1/60*s**5 - 2*s**2 - 1/6*s**3 + 0 + 1/24*s**4. Give n(1).
-1
Let v(n) = n**2 - 3*n - 5. Let t be v(4). Let p(c) = -16*c**2 + 16*c. Let a(o) = -3*o**2 + 3*o. Let f(k) = -11*a(k) + 2*p(k). What is f(t)?
2
Let b(l) be the first derivative of 3*l**7/280 - l**5/60 + l**4/24 + l**3/3 + 5. Let p(u) be the third derivative of b(u). Give p(1).
8
Let i(j) be the second derivative of j**4/12 + 5*j**3/6 + 2*j**2 + 11*j. Determine i(-6).
10
Let t(m) = -m**3 - 7*m**2 - 5*m + 8. Let s(u) = 2*u + 16. Let x be s(-11). What is t(x)?
2
Let f(t) = t**2 - 7*t + 2. Let o be (3 - 5)*(-4 + 1). Calculate f(o).
-4
Let m(y) be the second derivative of -y**4/12 + 4*y**3/3 - 3*y**2/2 - 21*y. Give m(8).
-3
Suppose 4*r - 1 = 3. Let v(w) = -5*w - r - 3*w**2 - 4*w**2 + 6*w**2. Determine v(-3).
5
Let b(w) = -24*w**3 - w + 23*w**3 + w - 2*w**2. Let t(s) = -2*s**3 + s**3 + 2*s - s**2 + 0*s**2 - 1. Let r be t(-2). Calculate b(r).
-1
Let x(g) = g - 2. Suppose p = -2*p + 18. Let y(d) = -d + 3. Let c(r) = p*y(r) + 5*x(r). Let i = -17 - -21. Determine c(i).
4
Let q = -7 + 7. Let a(j) = j + 2. What is a(q)?
2
Let b(i) = -10*i**3 - i**2. Let p = 11 - 13. Let j(z) = -z**2 - z + 1. Let d be j(p). Give b(d).
9
Let t(v) = v**3 + 2*v**2 + v. Let h be (-15)/10*(-4 - 0). Suppose -4*y = -5*l - 10, -2*l + 5*l = 2*y - h. What is t(l)?
-2
Let s = -2 - -4. Let h(l) = -l**3 - l + 2. Calculate h(s).
-8
Let h be (-3 + -3)/(1 + -2). Let g(d) = d**2 + 8*d - 8. Let t(s) = 5*s**2 + 33*s - 33. Let q(v) = -9*g(v) + 2*t(v). What is q(h)?
6
Let p be (-1)/4 - (-22)/(-8). Let r(z) = -2*z**3 + 3*z**2 + 4*z - 3. Let a(x) = -x**3 + x - 1. Let t(j) = -3*a(j) + r(j). What is t(p)?
-3
Let s(t) = t**2 + t. Let q be -5 + 2 + 15 + 0. Suppose -3*m + q = -3*r, 0 = -2*r + 3*m - 14 + 2. What is s(r)?
0
Let h(m) = -2*m**3 - 6*m**2 - m**2 - 1 + 3*m**3 + 4*m + 3*m. Calculate h(6).
5
Let p(l) = l + 3. Let m(i) = i + 3. Let k(v) = -6*m(v) + 7*p(v). Let q = 2 + -2. Let h be 0 + q - (-4)/(-1). Determine k(h).
-1
Let z(d) = -2*d - 2. Let m(h) = -h. Let q(o) = -5*m(o) + z(o). Determine q(-4).
-14
Let m(z) = -3 + 0 - 10*z - 4 + 9*z. Suppose -5*n = -0*n - 15. Suppose n*p + 4 + 11 = 0. Determine m(p).
-2
Let n(v) = 7*v + 17. Let k(q) = 15*q + 33. Let o(d) = 3*k(d) - 5*n(d). Let i(a) = 2*a + 3. Let c(j) = 28*i(j) - 6*o(j). Let m = 1 - 0. Give c(m).
-4
Let m(f) = f**2 - 6*f - 2. Let l be 136/22 + 6/(-33). Calculate m(l).
-2
Let q(j) = -j + 1. Suppose -2*r - 3*r + 5 = 0. Let z be q(r). Let g(n) = -n**2 - n + 6. Calculate g(z).
6
Let u(i) be the first derivative of -1 + 1/2*i**2 + i**3 - 1/4*i**4 - 4*i. Suppose 4*m = 6 + 6. Determine u(m).
-1
Let r(g) = 2*g + 2. Suppose -20 = -v - 3*q, -5*v + q + 17 = -3. Suppose 0 = 3*d + h - 14, 7*h + 50 = v*d + 2*h. Give r(d).
14
Let q(a) = -2*a + 4. Let g be q(-3). Suppose -4*r = r + g. Let c(d) = -d - 3. Calculate c(r).
-1
Suppose -12 = -5*s + t + 2, 0 = -s + 4*t - 1. Let o(p) = -p**2 + 5*p + 3. What is o(s)?
9
Let c(d) = -3*d - 1 - 3 + 2*d. Suppose 8*f = 3*f - 25, -v + 5*f + 20 = 0. Give c(v).
1
Let s(m) = 4*m**3 - m**2. Let p(z) = -z**2 + 6*z - 6. Let h be p(4). Let n(r) = 0*r**2 - 1 - 3*r - r**2 + 5*r**2 - 5*r**h. Let u be n(-1). Give s(u).
3
Let l(s) = s + 1. Let n(m) = -2*m**2 + 5*m + 4. Let j(t) = -5*l(t) + n(t). Suppose 3*v = 68 - 11. Let w = 18 - v. Determine j(w).
-3
Let h(b) = b**3 - 2*b**2 - 3*b - 2. Let u be h(3). Let v(a) = -4*a - 7*a - 4*a**2 - 2 + 6*a + a. Give v(u).
-10
Let x(d) be the first derivative of